{"id":600,"date":"2024-10-09T12:27:11","date_gmt":"2024-10-09T10:27:11","guid":{"rendered":"https:\/\/www.refugedesresistancesarmandgatti.ovh\/?page_id=600"},"modified":"2024-10-25T12:01:50","modified_gmt":"2024-10-25T10:01:50","slug":"centenaire-de-la-naissance-darmand-gatti-a-tarnac","status":"publish","type":"page","link":"https:\/\/www.refugedesresistancesarmandgatti.ovh\/","title":{"rendered":"Centenaire de la naissance d&rsquo;Armand Gatti \u00e0 Tarnac"},"content":{"rendered":"\n<p class=\"has-text-align-center has-medium-font-size\"><strong>Samedi 26 octobre<\/strong><\/p>\n\n\n\n<p>Dans le cadre des manifestations nationales consacr\u00e9es au centenaire d&rsquo;Armand Gatti. une journ\u00e9e est consacr\u00e9e \u00e0 Tarnac sur le th\u00e8me :<\/p>\n\n\n\n<p class=\"has-text-align-center\"><strong>\u00a0\u00bb La R\u00e9sistance dans l\u2019\u0153uvre d&rsquo;Armand Gatti\u00a0\u00bb <\/strong><\/p>\n\n\n\n<p>10h00 : Ouverture de l\u2019Exposition du Centenaire: \u201cLa r\u00e9sistance dans l\u2019\u0153uvre d\u2019Armand Gatti\u201d<\/p>\n\n\n\n<p>10h30 : Inauguration du Sentier de la R\u00e9sistance<\/p>\n\n\n\n<p>11h00 : C\u00e9r\u00e9monie et R\u00e9ception<\/p>\n\n\n\n<p>14h 00 : Randonn\u00e9e du Parcours de la R\u00e9sistance<\/p>\n\n\n\n<p>17H00 : Diffusion du t\u00e9moignage de Dani\u00e8le Nyitrai r\u00e9fugi\u00e9e en 1943 -1944 \u00e0 Tarnac (R\u00e9alisation : Gilles CHAVANT)<\/p>\n\n\n\n<figure class=\"wp-block-gallery has-nested-images columns-default is-cropped wp-block-gallery-1 is-layout-flex wp-block-gallery-is-layout-flex\">\n<figure class=\"wp-block-image size-full is-style-rounded\"><img loading=\"lazy\" decoding=\"async\" width=\"498\" height=\"692\" data-id=\"601\" src=\"https:\/\/www.refugedesresistancesarmandgatti.ovh\/wp-content\/uploads\/2024\/10\/centenaire-gatti.jpg\" alt=\"\" class=\"wp-image-601\" srcset=\"https:\/\/www.refugedesresistancesarmandgatti.ovh\/wp-content\/uploads\/2024\/10\/centenaire-gatti.jpg 498w, https:\/\/www.refugedesresistancesarmandgatti.ovh\/wp-content\/uploads\/2024\/10\/centenaire-gatti-216x300.jpg 216w\" sizes=\"(max-width: 498px) 100vw, 498px\" \/><\/figure>\n<\/figure>\n","protected":false},"excerpt":{"rendered":"<p>Samedi 26 octobre Dans le cadre des manifestations nationales consacr\u00e9es au centenaire d&rsquo;Armand Gatti. une journ\u00e9e est consacr\u00e9e \u00e0 Tarnac sur le th\u00e8me : \u00a0\u00bb La R\u00e9sistance dans l\u2019\u0153uvre d&rsquo;Armand Gatti\u00a0\u00bb 10h00 : Ouverture de l\u2019Exposition du Centenaire: \u201cLa r\u00e9sistance dans l\u2019\u0153uvre d\u2019Armand Gatti\u201d 10h30 : Inauguration du Sentier de la R\u00e9sistance 11h00 : C\u00e9r\u00e9monie [&hellip;]<\/p>\n","protected":false},"author":2,"featured_media":0,"parent":0,"menu_order":0,"comment_status":"closed","ping_status":"closed","template":"","meta":{"footnotes":""},"class_list":["post-600","page","type-page","status-publish","hentry"],"_links":{"self":[{"href":"https:\/\/www.refugedesresistancesarmandgatti.ovh\/index.php\/wp-json\/wp\/v2\/pages\/600"}],"collection":[{"href":"https:\/\/www.refugedesresistancesarmandgatti.ovh\/index.php\/wp-json\/wp\/v2\/pages"}],"about":[{"href":"https:\/\/www.refugedesresistancesarmandgatti.ovh\/index.php\/wp-json\/wp\/v2\/types\/page"}],"author":[{"embeddable":true,"href":"https:\/\/www.refugedesresistancesarmandgatti.ovh\/index.php\/wp-json\/wp\/v2\/users\/2"}],"replies":[{"embeddable":true,"href":"https:\/\/www.refugedesresistancesarmandgatti.ovh\/index.php\/wp-json\/wp\/v2\/comments?post=600"}],"version-history":[{"count":3,"href":"https:\/\/www.refugedesresistancesarmandgatti.ovh\/index.php\/wp-json\/wp\/v2\/pages\/600\/revisions"}],"predecessor-version":[{"id":607,"href":"https:\/\/www.refugedesresistancesarmandgatti.ovh\/index.php\/wp-json\/wp\/v2\/pages\/600\/revisions\/607"}],"wp:attachment":[{"href":"https:\/\/www.refugedesresistancesarmandgatti.ovh\/index.php\/wp-json\/wp\/v2\/media?parent=600"}],"curies":[{"name":"wp","href":"https:\/\/api.w.org\/{rel}","templated":true}]}}

Centenaire de la naissance d&rsquo;Armand Gatti à Tarnac

<p class="has-text-align-center has-medium-font-size"><strong>Samedi 26 octobre</strong></p>



<p>Dans le cadre des manifestations nationales consacrées au centenaire d&rsquo;Armand Gatti. une journée est consacrée à Tarnac sur le thème :</p>



<p class="has-text-align-center"><strong> » La Résistance dans l’œuvre d&rsquo;Armand Gatti » </strong></p>



<p>10h00 : Ouverture de l’Exposition du Centenaire: “La résistance dans l’œuvre d’Armand Gatti”</p>



<p>10h30 : Inauguration du Sentier de la Résistance</p>



<p>11h00 : Cérémonie et Réception</p>



<p>14h 00 : Randonnée du Parcours de la Résistance</p>



<p>17H00 : Diffusion du témoignage de Danièle Nyitrai réfugiée en 1943 -1944 à Tarnac (Réalisation : Gilles CHAVANT)</p>



<figure class="wp-block-gallery has-nested-images columns-default is-cropped wp-block-gallery-1 is-layout-flex wp-block-gallery-is-layout-flex">
<figure class="wp-block-image size-full is-style-rounded"><img loading="lazy" decoding="async" width="498" height="692" data-id="601" src="https://www.refugedesresistancesarmandgatti.ovh/wp-content/uploads/2024/10/centenaire-gatti.jpg" alt="" class="wp-image-601" srcset="https://www.refugedesresistancesarmandgatti.ovh/wp-content/uploads/2024/10/centenaire-gatti.jpg 498w, https://www.refugedesresistancesarmandgatti.ovh/wp-content/uploads/2024/10/centenaire-gatti-216x300.jpg 216w" sizes="(max-width: 498px) 100vw, 498px" /></figure>
</figure>

<p>Samedi 26 octobre Dans le cadre des manifestations nationales consacrées au centenaire d&rsquo;Armand Gatti. une journée est consacrée à Tarnac sur le thème :  » La Résistance dans l’œuvre d&rsquo;Armand Gatti » 10h00 : Ouverture de l’Exposition du Centenaire: “La résistance dans l’œuvre d’Armand Gatti” 10h30 : Inauguration du Sentier de la Résistance 11h00 : Cérémonie [&hellip;]</p>
