{"id":343,"date":"2019-03-12T18:21:38","date_gmt":"2019-03-12T17:21:38","guid":{"rendered":"https:\/\/www.refugedesresistancesarmandgatti.ovh\/?page_id=343"},"modified":"2020-03-01T10:51:25","modified_gmt":"2020-03-01T09:51:25","slug":"une-bibliographie-par-marc-kravetz","status":"publish","type":"page","link":"https:\/\/www.refugedesresistancesarmandgatti.ovh\/index.php\/reperes\/une-bibliographie-par-marc-kravetz\/","title":{"rendered":"Une bibliographie par Marc Kravetz"},"content":{"rendered":"<p><strong>Dante Sauveur GATTI, dit Armand Gatti, ou encore Don Qui ? ou bien 4 Chats ou Le po\u00e8te survolt\u00e9,<\/strong> n\u00e9 le 26 janvier 1924 \u00e0 la maternit\u00e9 de l\u2019h\u00f4pital de Monaco, fils d\u2019Auguste Rainier, balayeur, et de Letizia Luzona, femme de m\u00e9nage.<\/p>\n<p>Bon \u00e9l\u00e8ve (dissip\u00e9) du petit s\u00e9minaire ; r\u00e9sistant, condamn\u00e9 \u00e0 mort (graci\u00e9 en raison de son \u00e2ge) ; d\u00e9port\u00e9 (\u00e9vad\u00e9) ; parachutiste (m\u00e9daill\u00e9) ; journaliste (couronn\u00e9 du Prix Albert Londres) au <em>Parisien Lib\u00e9r\u00e9<\/em> puis \u00e0 <em>Paris-Match<\/em>, <em>France Observateur<\/em>, <em>L\u2019Express<\/em> (ancienne formule) et <em>Lib\u00e9ration<\/em> (l\u2019autre, celui de la R\u00e9sistance) ; cin\u00e9aste (consacr\u00e9 d\u00e8s son premier film <em>L\u2019enclos<\/em>, ignor\u00e9 d\u00e8s le second <em>L\u2019autre Cristobal<\/em>, exil\u00e9 pour le troisi\u00e8me <em>Le passage de l\u2019Ebre<\/em>, interdit de cam\u00e9ra pour beaucoup d\u2019autres \u2013 une dizaine) ; \u00e9crivain-dramaturge-metteur en sc\u00e8ne (c\u00e9l\u00e8bre et c\u00e9l\u00e9br\u00e9 : <em>La vie imaginaire de l\u2019\u00e9boueur Auguste G., Chant public devant deux chaises \u00e9lectriques, V comme Vietnam, Les treize soleils de la rue Saint-Blaise, Le cheval qui se suicide par le feu<\/em>, plus un nombre consid\u00e9rable de pi\u00e8ces, le tout jou\u00e9 un peu partout sur la plan\u00e8te et quelques rares fois en France) ; voyageur (Sib\u00e9rie, Chine, Cor\u00e9e, Japon, Guatemala, Nicaragua, Costa-Rica, Allemagne, Irlande) \u2013 ici on s\u2019en tient aux d\u00e9placements qui ont donn\u00e9 lieu ensuite \u00e0 des reportages, livres, pi\u00e8ces de th\u00e9\u00e2tre ou films ; \u00e9crivain public itin\u00e9rant et vid\u00e9ographe (en compagnie de la Tribu, du Brabant-Wallon \u00e0 Montb\u00e9liard, de Ris-Orangis \u00e0 l\u2019Isle d\u2019Abeau avec crochet par Saint-Nazaire prolong\u00e9 d\u2019une pointe en Avignon et Marseille avant un rebond \u00e0 Strasbourg).<\/p>\n<p>Signe particulier : refuse de s\u2019enfermer dans sa fiche de police. Plus difficile de raconter Gatti que de peindre l\u2019oiseau de Pr\u00e9vert.<\/p>\n<p>Armand Gatti (il \u00e9tait Dante, le journalisme l\u2019a voulu Armand, Armand il est aussi) ne r\u00e9cuse pas la chronologie. Il l\u2019ignore. Diachronie et synchronie sont pourtant des coordonn\u00e9es bien commodes. Elles ne sont pour Gatti que de pauvres possibles. Incapables en tout cas d\u2019enfermer ses rendez- vous galactiques. Il leur pr\u00e9f\u00e8re les diastoles et les systoles, le mouvement vrai de la vie et du monde.<\/p>\n<p>&nbsp;<\/p>\n<p><strong>L\u2019histoire commence dans un trou, celui, glac\u00e9, d\u2019un maquis de la for\u00eat de la Berbeyrolle (Corr\u00e8ze)<\/strong> pendant l\u2019hiver de 1942, par un dialogue solitaire entre le jeune partisan sans armes et le Dieu des infinis. L\u2019histoire commence dans un camp de concentration, matricule 17173 \u00e0 Linderman et sur les chemins de l\u2019\u00e9vasion parcourus \u00e0 pied par un jeune homme qui, sans le savoir, avait retrouv\u00e9 l\u2019itin\u00e9raire d\u2019H\u00f6lderlin.<\/p>\n<p>L\u2019histoire commence au Guatemala avec l\u2019Indien Felipe parlant \u00e0 l\u2019aube de son massacre une langue inconnue o\u00f9 les mots ne sont plus les \u00e9tiquettes des choses.<\/p>\n<p>L\u2019histoire n\u2019en finit pas de commencer. L\u2019histoire commence bien avant avec Auguste le balayeur, l\u2019anarchiste rescap\u00e9 des tueurs Pinkerton, le p\u00e8re qui, dans les mots du fils qu\u2019il ne lira jamais, retrouvera les histoires dont il l\u2019a enivr\u00e9.<\/p>\n<p>L\u2019histoire n\u2019en finit pas de commencer puisque chaque mot pour \u00e9crire est une nouvelle naissance et que dans l\u2019espace utopique de l\u2019\u00e9criture, le communard Eug\u00e8ne Varlin peut rencontrer l\u2019anarchiste Durruti, que le communiste Gramsci devient le fr\u00e8re de Felipe l\u2019Indien, que Rosa Luxemburg apprivoise les oiseaux auxquels parlait raconter Gatti Fran\u00e7ois d\u2019Assise.<\/p>\n<p>Au commencement, le mot, le verbe, la seule arme qui ne d\u00e9signe pas le pouvoir bout du canon, la seule qui vaille qu\u2019on vive : Gatti po\u00e8te.<\/p>\n<p>Pour le fils de l\u2019immigr\u00e9, le langage est d\u2019abord un combat. Et pas seulement avec l\u2019ange. Quand les manuels des temps futurs retiendront que la langue de Gatti est l\u2019une des plus belles de ce qui s\u2019appellera alors la litt\u00e9rature fran\u00e7aise contemporaine, ce ne sera que triste justice. Mais comment dire ce qu\u2019est la recherche du mot juste ? Le combat pour le mot juste, le mot du combat des justes.<\/p>\n<p>Ce mot qui ne se laisse jamais enfermer ou bien il meurt, petit f\u00e9tiche imprim\u00e9 des proclamations d\u00e9risoires. Le mot juste, c\u2019est-\u00e0-dire le mot unique, au moment juste, comme celui qu\u2019\u00e9changent les condamn\u00e9s \u00e0 mort dans une cellule de la prison de Tulle alors que tout va \u00eatre dit :<\/p>\n<p><em>\u00ab Le matin s\u2019est lev\u00e9 sur ce moment juste,<\/em> racontera Gatti bien plus tard<em>, \u2026 Peut-\u00eatre allions-nous mourir dans quelques heures ? Mais si l\u2019aventure devait s\u2019arr\u00eater l\u00e0, ma vie \u00e9tait remplie. J\u2019avais fait les rencontres essentielles. J\u2019avais v\u00e9cu ce qu\u2019il y avait de vraiment important dans la vie. Plus tard je me suis aper\u00e7u que la vie \u00e9tait faite de ce type de rencontre. Le reste, ce n\u2019est que du temps qui s\u2019\u00e9coule. \u00bb<\/em>\u00a0\u00a0\u00a0\u00a0\u00a0\u00a0\u00a0\u00a0\u00a0\u00a0\u00a0\u00a0\u00a0\u00a0\u00a0\u00a0\u00a0\u00a0\u00a0\u00a0\u00a0\u00a0\u00a0\u00a0\u00a0\u00a0\u00a0\u00a0\u00a0\u00a0\u00a0\u00a0\u00a0\u00a0 On ne triche pas avec le temps. Ce n\u2019est pas une raison pour se soumettre \u00e0 ses lois.<\/p>\n<p>C\u2019est pourquoi tout ce qu\u2019il faut bien d\u00e9sormais appeler l\u2019\u0153uvre d\u2019Armand Gatti, cette vie qui n\u2019a pas \u00e9t\u00e9 fauch\u00e9e dans une prison allemande, est faite de rendez-vous dans les espaces-temps de tous ceux que la mort physique a pour toujours priv\u00e9s de la parole. De Gatti, Henri Michaux disait \u00e0 leur premi\u00e8re rencontre : <em>\u00ab Depuis vingt ans parachutiste, mais d\u2019o\u00f9 diable tombait-il ? \u00bb<\/em> La question reste aujourd\u2019hui ouverte.<\/p>\n<p>De quel Enclos, de quelle plan\u00e8te provisoire, de quelle cage aux fauves ce messager de l\u2019\u00e9ternel pr\u00e9sent continue-t-il d\u2019\u00e9mettre cette lumi\u00e8re singuli\u00e8re ? Journaliste,\u00a0\u00a0\u00a0\u00a0 cin\u00e9aste,\u00a0\u00a0\u00a0 dramaturge, \u00e9crivain, po\u00e8te, Gatti ne cesse de se d\u00e9barrasser de ses identit\u00e9s comme d\u2019autant de peaux mortes. Peut-\u00eatre le retrouverez-vous un jour \u00e0 P\u00e9kin sur le Pont du Ciel, l\u00e0 o\u00f9 les conteurs se succ\u00e8dent pour raconter, croit-on, la m\u00eame histoire, en v\u00e9rit\u00e9 la m\u00eame histoire mais toujours diff\u00e9rente car chacun en porte la version vraie dont il est le t\u00e9moin unique.<\/p>\n<p>Gatti ou la qu\u00eate de la parole errante. Ni un voyage, ni un itin\u00e9raire, ou alors celui du Grand Tchou ou de l\u2019Homme Seul, sans fin ni terme, tout juste des \u00e9tapes :<\/p>\n<p>Barcelone insurg\u00e9e, le maquis guat\u00e9malt\u00e8que, un \u00e9gout de Berlin, une piste vietnamienne, la steppe ukrainienne, la grande poste de Dublin, les docks de Marseille ou les banlieues d\u2019Avignon, de Strasbourg et de la Seine-Saint-Denis.<\/p>\n<p><strong>L\u00e0 o\u00f9 l\u2019homme est plus grand que l\u2019homme, o\u00f9 il prend enfin la mesure de sa d\u00e9mesure.<\/strong><\/p>\n<p><strong>\u00a0<\/strong><\/p>\n<p><em>Marc Kravetz<\/em><\/p>\n<p><em>\u00a0<\/em><\/p>\n","protected":false},"excerpt":{"rendered":"<p>Dante Sauveur GATTI, dit Armand Gatti, ou encore Don Qui ? ou bien 4 Chats ou Le po\u00e8te survolt\u00e9, n\u00e9 le 26 janvier 1924 \u00e0 la maternit\u00e9 de l\u2019h\u00f4pital de Monaco, fils d\u2019Auguste Rainier, balayeur, et de Letizia Luzona, femme de m\u00e9nage. Bon \u00e9l\u00e8ve (dissip\u00e9) du petit s\u00e9minaire ; r\u00e9sistant, condamn\u00e9 \u00e0 mort (graci\u00e9 en [&hellip;]<\/p>\n","protected":false},"author":2,"featured_media":0,"parent":180,"menu_order":0,"comment_status":"closed","ping_status":"closed","template":"","meta":{"footnotes":""},"class_list":["post-343","page","type-page","status-publish","hentry"],"_links":{"self":[{"href":"https:\/\/www.refugedesresistancesarmandgatti.ovh\/index.php\/wp-json\/wp\/v2\/pages\/343"}],"collection":[{"href":"https:\/\/www.refugedesresistancesarmandgatti.ovh\/index.php\/wp-json\/wp\/v2\/pages"}],"about":[{"href":"https:\/\/www.refugedesresistancesarmandgatti.ovh\/index.php\/wp-json\/wp\/v2\/types\/page"}],"author":[{"embeddable":true,"href":"https:\/\/www.refugedesresistancesarmandgatti.ovh\/index.php\/wp-json\/wp\/v2\/users\/2"}],"replies":[{"embeddable":true,"href":"https:\/\/www.refugedesresistancesarmandgatti.ovh\/index.php\/wp-json\/wp\/v2\/comments?post=343"}],"version-history":[{"count":2,"href":"https:\/\/www.refugedesresistancesarmandgatti.ovh\/index.php\/wp-json\/wp\/v2\/pages\/343\/revisions"}],"predecessor-version":[{"id":441,"href":"https:\/\/www.refugedesresistancesarmandgatti.ovh\/index.php\/wp-json\/wp\/v2\/pages\/343\/revisions\/441"}],"up":[{"embeddable":true,"href":"https:\/\/www.refugedesresistancesarmandgatti.ovh\/index.php\/wp-json\/wp\/v2\/pages\/180"}],"wp:attachment":[{"href":"https:\/\/www.refugedesresistancesarmandgatti.ovh\/index.php\/wp-json\/wp\/v2\/media?parent=343"}],"curies":[{"name":"wp","href":"https:\/\/api.w.org\/{rel}","templated":true}]}}