{"id":297,"date":"2019-03-09T22:40:09","date_gmt":"2019-03-09T21:40:09","guid":{"rendered":"https:\/\/www.refugedesresistancesarmandgatti.ovh\/?page_id=297"},"modified":"2023-07-10T14:24:50","modified_gmt":"2023-07-10T12:24:50","slug":"2013-rosa-sur-le-plateau","status":"publish","type":"page","link":"https:\/\/www.refugedesresistancesarmandgatti.ovh\/index.php\/refuge-des-resistances\/2013-rosa-sur-le-plateau\/","title":{"rendered":"2013 : Rosa sur le plateau"},"content":{"rendered":"<p>Armand Gatti et sa troupe ont pr\u00e9sent\u00e9 \u00e0 Faux la Montagne les 10 et 11 mai 2014 la pi\u00e8ce \u00ab\u00a0Rosa collective\u00a0\u00bb sous titr\u00e9e \u00ab\u00a0Le chant de la m\u00e9sange charbonni\u00e8re, demand\u00e9e en \u00e9pitaphe par Rosa Luxemburg sur sa tombe. Repris en titre pour dire sur les murs de la ville la permanence du combat des humbles\u00a0\u00bb.<br \/>\nAutour de cet \u00e9v\u00e8nement d\u2019autres manifestations se sont greff\u00e9es : projections, rencontres en librairie et ailleurs, conf\u00e9rence-d\u00e9bat sur Rosa Luxemburg, exposition. Selon les organisateurs, l\u2019ensemble devrait faire sentir qu\u2019entre le projet de transformations sociale n\u00e9 dans les masses au si\u00e8cle dernier et exprim\u00e9 par Rosa, et ceux qui s\u2019\u00e9bauchent aujourd\u2019hui ici et ailleurs, il y a plus d\u2019une r\u00e9sonance. Tout en conservant l&rsquo;originalit\u00e9 de sa d\u00e9marche th\u00e9\u00e2trale affin\u00e9e tout au long de l&rsquo;aventure de<br \/>\nLa travers\u00e9e des langages, illustr\u00e9e en \u00e9t\u00e9 2010 par l&rsquo;exp\u00e9rience de cr\u00e9ation \u00e0 Neuvic -19 (arts martiaux chinois, chant choral..), Gatti a choisi de revisiter Rosa collective, pi\u00e8ce de th\u00e9\u00e2tre compos\u00e9e \u00e0 Berlin en 1971.<\/p>\n<p><img loading=\"lazy\" decoding=\"async\" class=\"alignnone size-full wp-image-298\" src=\"https:\/\/www.refugedesresistancesarmandgatti.ovh\/wp-content\/uploads\/2019\/03\/40-1.jpg\" alt=\"\" width=\"887\" height=\"785\" srcset=\"https:\/\/www.refugedesresistancesarmandgatti.ovh\/wp-content\/uploads\/2019\/03\/40-1.jpg 887w, https:\/\/www.refugedesresistancesarmandgatti.ovh\/wp-content\/uploads\/2019\/03\/40-1-300x266.jpg 300w, https:\/\/www.refugedesresistancesarmandgatti.ovh\/wp-content\/uploads\/2019\/03\/40-1-768x680.jpg 768w, https:\/\/www.refugedesresistancesarmandgatti.ovh\/wp-content\/uploads\/2019\/03\/40-1-624x552.jpg 624w\" sizes=\"(max-width: 887px) 100vw, 887px\" \/><\/p>\n<h2><b>Rosa sur le Plateau : <\/b><b>un succ\u00e8s indiscutable<\/b><\/h2>\n<p>L\u2019action <b>\u201cRosa sur le plateau\u201d <\/b>s\u2019est d\u00e9roul\u00e9e selon les modalit\u00e9s pr\u00e9vues, en diff\u00e9rents lieux du plateau de Millevaches, du 4 mai (arriv\u00e9e du collectif, pour la pr\u00e9paration des repr\u00e9sentations) au 12 mai (lecture d\u2019Armand Gatti, au trou de la Berbeyrolle) 2013. Au total : deux repr\u00e9sentations de la pi\u00e8ce d\u2019Armand Gatti, Rosa Collective, deux rencontres-discussions, l\u2019une autour des \u00e9ditions Spartacus et l\u2019autre autour de l\u2019\u00e9vocation d\u2019Henri Nanot, un d\u00e9bat autour de la r\u00e9volution allemande de 1919, une soir\u00e9e et une matin\u00e9e cin\u00e9ma, une exposition du plasticien Ramon et une lecture d\u2019Armand Gatti.<\/p>\n<p><img loading=\"lazy\" decoding=\"async\" class=\"alignnone size-full wp-image-300\" src=\"https:\/\/www.refugedesresistancesarmandgatti.ovh\/wp-content\/uploads\/2019\/03\/DSC_0606.jpg\" alt=\"\" width=\"1064\" height=\"708\" srcset=\"https:\/\/www.refugedesresistancesarmandgatti.ovh\/wp-content\/uploads\/2019\/03\/DSC_0606.jpg 1064w, https:\/\/www.refugedesresistancesarmandgatti.ovh\/wp-content\/uploads\/2019\/03\/DSC_0606-300x200.jpg 300w, https:\/\/www.refugedesresistancesarmandgatti.ovh\/wp-content\/uploads\/2019\/03\/DSC_0606-768x511.jpg 768w, https:\/\/www.refugedesresistancesarmandgatti.ovh\/wp-content\/uploads\/2019\/03\/DSC_0606-1024x681.jpg 1024w, https:\/\/www.refugedesresistancesarmandgatti.ovh\/wp-content\/uploads\/2019\/03\/DSC_0606-730x487.jpg 730w, https:\/\/www.refugedesresistancesarmandgatti.ovh\/wp-content\/uploads\/2019\/03\/DSC_0606-624x415.jpg 624w\" sizes=\"(max-width: 1064px) 100vw, 1064px\" \/><br \/>\n<b>Ouverture d\u2019espace plus ou moins ponctuels<\/b><br \/>\nLe Refuge des r\u00e9sistances Armand Gatti approfondit ainsi son ancrage sur le territoire du Plateau de Millevaches.\u00a0 Les moyens choisis pour cela sont notamment l\u2019ouverture d\u2019espaces plus ou moins ponctuels propices aux rencontres et \u00e0 travers des lieux, des moments ouverts de formations, r\u00e9flexions, cr\u00e9ations, recherches, rencontres internationales. C\u2019est dans cette continuit\u00e9 qu\u2019a \u00e9t\u00e9 organis\u00e9e la semaine \u201cRosa sur le plateau\u201d. D\u00e9j\u00e0 des suites \u00e0 cette initiative se profilent.<br \/>\n<b>De Berlin au Plateau de Millevaches, La distance n\u2019est pas si grande<\/b><br \/>\nOpposante de premier plan \u00e0 la guerre de 1914, fondatrice de la Ligue Spartakus, Rosa Luxemburg a \u00e9t\u00e9 assassin\u00e9e en participant \u00e0 la r\u00e9volution allemande de 1918. Autant pour sa vie que par ses \u00e9crits, Elle reste une r\u00e9f\u00e9rence pour ceux qui ressentent la n\u00e9cessit\u00e9 d\u2019une r\u00e9volution sans comit\u00e9 central. Personnage attachant, aux multiples facettes, son \u00e9vocation \u00e0 travers la pi\u00e8ce d\u2019Armand Gatti, \u00e9crite \u00e0 Berlin, \u00e0 partir d\u2019\u00e9v\u00e9nements se passant \u00e0 Berlin, ne peut qu\u2019entrer en r\u00e9sonance avec le Plateau de Millevaches, tant au travers de la m\u00e9moire mais aussi de l\u2019histoire et des exp\u00e9riences actuelles qui participent \u00e0 en faire un territoire vivant et novateur.<br \/>\n<b>La permanence d\u2019un esprit de r\u00e9sistance<\/b><br \/>\nLa guerre de 1914-1918 et sa contestation sont bien pr\u00e9sentes sur diff\u00e9rents sites du Plateau de Millevaches : le monument aux morts de Gentioux (inaugur\u00e9 en 1922) et son message de refus de la guerre grav\u00e9 dans la pierre et port\u00e9 par la statue d\u2019un \u00e9colier, la tombe \u00e0 Roy\u00e8re du soldat F\u00e9lix Baudy, fusill\u00e9 \u00ab pour l\u2019exemple \u00bb en 1914 et dont la plaque exprime la r\u00e9volte de ses camarades ma\u00e7ons, mais aussi le souvenir bien vivant de la r\u00e9volte des soldats russes (\u00e9t\u00e9 1917) retir\u00e9s du front par les autorit\u00e9s militaires, isol\u00e9s au camp de La Courtine et proclamant un soviet pour exprimer leur refus de la guerre. Et la Permanence de cet esprit de r\u00e9sistance, tout au long du vingti\u00e8me si\u00e8cle avec la rapide constitution de maquis, apr\u00e8s la d\u00e9route de l\u2019arm\u00e9e fran\u00e7aise, en 1940 ou encore le soutien des habitants de La Villedieu aux \u00ab rappel\u00e9s \u00bb de la guerre d\u2019Alg\u00e9rie (7 mai 1956).<br \/>\nLa manifestation a rassembl\u00e9 plus de <b>500 personnes <\/b>au travers des diff\u00e9rentes rencontres sans oublier la <b>trentaine de b\u00e9n\u00e9voles <\/b>qui se sont relay\u00e9s pour organiser l\u2019\u00e9v\u00e8nement ni les <b>vingt artistes<\/b> venus de toute la France pour pr\u00e9senter leur spectacle. La majorit\u00e9 des spectateurs vivent sur le plateau, mais certains sont venus de Tulle, Limoges, Aubusson, etc&#8230;<\/p>\n<p><img loading=\"lazy\" decoding=\"async\" class=\"alignnone size-full wp-image-299\" src=\"https:\/\/www.refugedesresistancesarmandgatti.ovh\/wp-content\/uploads\/2019\/03\/42-1.jpg\" alt=\"\" width=\"929\" height=\"1152\" srcset=\"https:\/\/www.refugedesresistancesarmandgatti.ovh\/wp-content\/uploads\/2019\/03\/42-1.jpg 929w, https:\/\/www.refugedesresistancesarmandgatti.ovh\/wp-content\/uploads\/2019\/03\/42-1-242x300.jpg 242w, https:\/\/www.refugedesresistancesarmandgatti.ovh\/wp-content\/uploads\/2019\/03\/42-1-768x952.jpg 768w, https:\/\/www.refugedesresistancesarmandgatti.ovh\/wp-content\/uploads\/2019\/03\/42-1-826x1024.jpg 826w, https:\/\/www.refugedesresistancesarmandgatti.ovh\/wp-content\/uploads\/2019\/03\/42-1-624x774.jpg 624w\" sizes=\"(max-width: 929px) 100vw, 929px\" \/><\/p>\n<p><strong>Lecture d&rsquo;Armand Gatti le 12 mai au trou de la Berbeyrolle : Montage St\u00e9phane Gatti.<\/strong><\/p>\n<p>&nbsp;<\/p>\n","protected":false},"excerpt":{"rendered":"<p>Armand Gatti et sa troupe ont pr\u00e9sent\u00e9 \u00e0 Faux la Montagne les 10 et 11 mai 2014 la pi\u00e8ce \u00ab\u00a0Rosa collective\u00a0\u00bb sous titr\u00e9e \u00ab\u00a0Le chant de la m\u00e9sange charbonni\u00e8re, demand\u00e9e en \u00e9pitaphe par Rosa Luxemburg sur sa tombe. Repris en titre pour dire sur les murs de la ville la permanence du combat des humbles\u00a0\u00bb. [&hellip;]<\/p>\n","protected":false},"author":2,"featured_media":0,"parent":202,"menu_order":0,"comment_status":"closed","ping_status":"closed","template":"","meta":{"footnotes":""},"class_list":["post-297","page","type-page","status-publish","hentry"],"_links":{"self":[{"href":"https:\/\/www.refugedesresistancesarmandgatti.ovh\/index.php\/wp-json\/wp\/v2\/pages\/297"}],"collection":[{"href":"https:\/\/www.refugedesresistancesarmandgatti.ovh\/index.php\/wp-json\/wp\/v2\/pages"}],"about":[{"href":"https:\/\/www.refugedesresistancesarmandgatti.ovh\/index.php\/wp-json\/wp\/v2\/types\/page"}],"author":[{"embeddable":true,"href":"https:\/\/www.refugedesresistancesarmandgatti.ovh\/index.php\/wp-json\/wp\/v2\/users\/2"}],"replies":[{"embeddable":true,"href":"https:\/\/www.refugedesresistancesarmandgatti.ovh\/index.php\/wp-json\/wp\/v2\/comments?post=297"}],"version-history":[{"count":4,"href":"https:\/\/www.refugedesresistancesarmandgatti.ovh\/index.php\/wp-json\/wp\/v2\/pages\/297\/revisions"}],"predecessor-version":[{"id":555,"href":"https:\/\/www.refugedesresistancesarmandgatti.ovh\/index.php\/wp-json\/wp\/v2\/pages\/297\/revisions\/555"}],"up":[{"embeddable":true,"href":"https:\/\/www.refugedesresistancesarmandgatti.ovh\/index.php\/wp-json\/wp\/v2\/pages\/202"}],"wp:attachment":[{"href":"https:\/\/www.refugedesresistancesarmandgatti.ovh\/index.php\/wp-json\/wp\/v2\/media?parent=297"}],"curies":[{"name":"wp","href":"https:\/\/api.w.org\/{rel}","templated":true}]}}

<p>Armand Gatti et sa troupe ont présenté à Faux la Montagne les 10 et 11 mai 2014 la pièce « Rosa collective » sous titrée « Le chant de la mésange charbonnière, demandée en épitaphe par Rosa Luxemburg sur sa tombe. Repris en titre pour dire sur les murs de la ville la permanence du combat des humbles ».<br />
Autour de cet évènement d’autres manifestations se sont greffées : projections, rencontres en librairie et ailleurs, conférence-débat sur Rosa Luxemburg, exposition. Selon les organisateurs, l’ensemble devrait faire sentir qu’entre le projet de transformations sociale né dans les masses au siècle dernier et exprimé par Rosa, et ceux qui s’ébauchent aujourd’hui ici et ailleurs, il y a plus d’une résonance. Tout en conservant l&rsquo;originalité de sa démarche théâtrale affinée tout au long de l&rsquo;aventure de<br />
La traversée des langages, illustrée en été 2010 par l&rsquo;expérience de création à Neuvic -19 (arts martiaux chinois, chant choral..), Gatti a choisi de revisiter Rosa collective, pièce de théâtre composée à Berlin en 1971.</p>
<p><img loading="lazy" decoding="async" class="alignnone size-full wp-image-298" src="https://www.refugedesresistancesarmandgatti.ovh/wp-content/uploads/2019/03/40-1.jpg" alt="" width="887" height="785" srcset="https://www.refugedesresistancesarmandgatti.ovh/wp-content/uploads/2019/03/40-1.jpg 887w, https://www.refugedesresistancesarmandgatti.ovh/wp-content/uploads/2019/03/40-1-300x266.jpg 300w, https://www.refugedesresistancesarmandgatti.ovh/wp-content/uploads/2019/03/40-1-768x680.jpg 768w, https://www.refugedesresistancesarmandgatti.ovh/wp-content/uploads/2019/03/40-1-624x552.jpg 624w" sizes="(max-width: 887px) 100vw, 887px" /></p>
<h2><b>Rosa sur le Plateau : </b><b>un succès indiscutable</b></h2>
<p>L’action <b>“Rosa sur le plateau” </b>s’est déroulée selon les modalités prévues, en différents lieux du plateau de Millevaches, du 4 mai (arrivée du collectif, pour la préparation des représentations) au 12 mai (lecture d’Armand Gatti, au trou de la Berbeyrolle) 2013. Au total : deux représentations de la pièce d’Armand Gatti, Rosa Collective, deux rencontres-discussions, l’une autour des éditions Spartacus et l’autre autour de l’évocation d’Henri Nanot, un débat autour de la révolution allemande de 1919, une soirée et une matinée cinéma, une exposition du plasticien Ramon et une lecture d’Armand Gatti.</p>
<p><img loading="lazy" decoding="async" class="alignnone size-full wp-image-300" src="https://www.refugedesresistancesarmandgatti.ovh/wp-content/uploads/2019/03/DSC_0606.jpg" alt="" width="1064" height="708" srcset="https://www.refugedesresistancesarmandgatti.ovh/wp-content/uploads/2019/03/DSC_0606.jpg 1064w, https://www.refugedesresistancesarmandgatti.ovh/wp-content/uploads/2019/03/DSC_0606-300x200.jpg 300w, https://www.refugedesresistancesarmandgatti.ovh/wp-content/uploads/2019/03/DSC_0606-768x511.jpg 768w, https://www.refugedesresistancesarmandgatti.ovh/wp-content/uploads/2019/03/DSC_0606-1024x681.jpg 1024w, https://www.refugedesresistancesarmandgatti.ovh/wp-content/uploads/2019/03/DSC_0606-730x487.jpg 730w, https://www.refugedesresistancesarmandgatti.ovh/wp-content/uploads/2019/03/DSC_0606-624x415.jpg 624w" sizes="(max-width: 1064px) 100vw, 1064px" /><br />
<b>Ouverture d’espace plus ou moins ponctuels</b><br />
Le Refuge des résistances Armand Gatti approfondit ainsi son ancrage sur le territoire du Plateau de Millevaches.  Les moyens choisis pour cela sont notamment l’ouverture d’espaces plus ou moins ponctuels propices aux rencontres et à travers des lieux, des moments ouverts de formations, réflexions, créations, recherches, rencontres internationales. C’est dans cette continuité qu’a été organisée la semaine “Rosa sur le plateau”. Déjà des suites à cette initiative se profilent.<br />
<b>De Berlin au Plateau de Millevaches, La distance n’est pas si grande</b><br />
Opposante de premier plan à la guerre de 1914, fondatrice de la Ligue Spartakus, Rosa Luxemburg a été assassinée en participant à la révolution allemande de 1918. Autant pour sa vie que par ses écrits, Elle reste une référence pour ceux qui ressentent la nécessité d’une révolution sans comité central. Personnage attachant, aux multiples facettes, son évocation à travers la pièce d’Armand Gatti, écrite à Berlin, à partir d’événements se passant à Berlin, ne peut qu’entrer en résonance avec le Plateau de Millevaches, tant au travers de la mémoire mais aussi de l’histoire et des expériences actuelles qui participent à en faire un territoire vivant et novateur.<br />
<b>La permanence d’un esprit de résistance</b><br />
La guerre de 1914-1918 et sa contestation sont bien présentes sur différents sites du Plateau de Millevaches : le monument aux morts de Gentioux (inauguré en 1922) et son message de refus de la guerre gravé dans la pierre et porté par la statue d’un écolier, la tombe à Royère du soldat Félix Baudy, fusillé « pour l’exemple » en 1914 et dont la plaque exprime la révolte de ses camarades maçons, mais aussi le souvenir bien vivant de la révolte des soldats russes (été 1917) retirés du front par les autorités militaires, isolés au camp de La Courtine et proclamant un soviet pour exprimer leur refus de la guerre. Et la Permanence de cet esprit de résistance, tout au long du vingtième siècle avec la rapide constitution de maquis, après la déroute de l’armée française, en 1940 ou encore le soutien des habitants de La Villedieu aux « rappelés » de la guerre d’Algérie (7 mai 1956).<br />
La manifestation a rassemblé plus de <b>500 personnes </b>au travers des différentes rencontres sans oublier la <b>trentaine de bénévoles </b>qui se sont relayés pour organiser l’évènement ni les <b>vingt artistes</b> venus de toute la France pour présenter leur spectacle. La majorité des spectateurs vivent sur le plateau, mais certains sont venus de Tulle, Limoges, Aubusson, etc&#8230;</p>
<p><img loading="lazy" decoding="async" class="alignnone size-full wp-image-299" src="https://www.refugedesresistancesarmandgatti.ovh/wp-content/uploads/2019/03/42-1.jpg" alt="" width="929" height="1152" srcset="https://www.refugedesresistancesarmandgatti.ovh/wp-content/uploads/2019/03/42-1.jpg 929w, https://www.refugedesresistancesarmandgatti.ovh/wp-content/uploads/2019/03/42-1-242x300.jpg 242w, https://www.refugedesresistancesarmandgatti.ovh/wp-content/uploads/2019/03/42-1-768x952.jpg 768w, https://www.refugedesresistancesarmandgatti.ovh/wp-content/uploads/2019/03/42-1-826x1024.jpg 826w, https://www.refugedesresistancesarmandgatti.ovh/wp-content/uploads/2019/03/42-1-624x774.jpg 624w" sizes="(max-width: 929px) 100vw, 929px" /></p>
<p><strong>Lecture d&rsquo;Armand Gatti le 12 mai au trou de la Berbeyrolle : Montage Stéphane Gatti.</strong></p>
<p>&nbsp;</p>

<p>Armand Gatti et sa troupe ont présenté à Faux la Montagne les 10 et 11 mai 2014 la pièce « Rosa collective » sous titrée « Le chant de la mésange charbonnière, demandée en épitaphe par Rosa Luxemburg sur sa tombe. Repris en titre pour dire sur les murs de la ville la permanence du combat des humbles ». [&hellip;]</p>
