{"id":202,"date":"2019-03-04T19:57:17","date_gmt":"2019-03-04T18:57:17","guid":{"rendered":"https:\/\/www.refugedesresistancesarmandgatti.ovh\/?page_id=202"},"modified":"2021-08-02T10:45:07","modified_gmt":"2021-08-02T08:45:07","slug":"refuge-des-resistances","status":"publish","type":"page","link":"https:\/\/www.refugedesresistancesarmandgatti.ovh\/index.php\/refuge-des-resistances\/","title":{"rendered":"Refuge des R\u00e9sistances"},"content":{"rendered":"<p><img loading=\"lazy\" decoding=\"async\" class=\"wp-image-69 size-thumbnail alignleft\" src=\"https:\/\/www.refugedesresistancesarmandgatti.ovh\/wp-content\/uploads\/2017\/04\/logo-150x150.jpg\" alt=\"\" width=\"150\" height=\"150\" srcset=\"https:\/\/www.refugedesresistancesarmandgatti.ovh\/wp-content\/uploads\/2017\/04\/logo-150x150.jpg 150w, https:\/\/www.refugedesresistancesarmandgatti.ovh\/wp-content\/uploads\/2017\/04\/logo-300x300.jpg 300w, https:\/\/www.refugedesresistancesarmandgatti.ovh\/wp-content\/uploads\/2017\/04\/logo.jpg 512w\" sizes=\"(max-width: 150px) 100vw, 150px\" \/><\/p>\n<p>Une longue marche de dix ann\u00e9es, \u00e0 travers les trois d\u00e9partements du Limousin<br \/>\n<i>Le Refuge des R\u00e9sistances Armand Gatti existe depuis le 27 janvier 2008. Son si\u00e8ge <\/i><i>est \u00e0 Peyrelevade, en Corr\u00e8ze. Cette association s\u2019est donn\u00e9 pour objet de r\u00e9sister \u00e0 <\/i><i>la soci\u00e9t\u00e9 spectaculaire et marchande, en faisant vivre sur et \u00e0 partir du plateau de Millevaches, des lieux ou des moments ouverts de formations, r\u00e9flexions, cr\u00e9ations, recherches, rencontres internationales, dans le prolongement de l\u2019esprit de r\u00e9sistance et <\/i><i>des questionnements port\u00e9s par et avec Armand Gatti, dans et autour de son \u0153uvre.<\/i><\/p>\n<p><i>Retour sur dix ans d\u2019existence\u2026<\/i><br \/>\n<!--EndF--><\/p>\n<p><b>2008 : <\/b><strong>Cr\u00e9ation du Refuge<\/strong><b><br \/>\n2009 <\/b>: Marcy, <strong><i>La Tour de Babel maquisarde<\/i>.<\/strong><br \/>\n<b>2010 <\/b>: Neuvic<i>, <strong>Science et R\u00e9sistance battant des ailes pour donner aux femmes en <\/strong><\/i><i><strong>noir de Tarnac un destin d\u2019oiseau des altitudes<\/strong>.<\/i><br \/>\n<b>2013 <\/b>: Tarnac, Eymoutiers, Peyrelevade, Faux la Montagne, <strong><i>Rosa Collective<\/i><\/strong>.<br \/>\n<b>2014<\/b>, Eymoutiers, Rempnat, Tarnac, St Setiers, Peyrelevade, <strong><i>For\u00eat et R\u00e9sistance.<\/i><\/strong><br \/>\n<b>2015<\/b><i>, <\/i>Limoges, Th\u00e9\u00e2tre de l\u2019Union CDN, <strong><i>R\u00e9sister, disent-ils!<\/i><\/strong><br \/>\n<b>2017<\/b><i>, <\/i>Treignac, Peyrelevade, Tarnac, <strong><i>Opera possible &#8211; Opera probable.<br \/>\n<b>2019<\/b>, Inauguration de la m\u00e9diath\u00e8que Armand Gatti \u00e0 Tarnac.<br \/>\n<b>2020<\/b>, Les mots de la R\u00e9sistance dans le granit de la Berbeyrolle.<\/i><\/strong><\/p>\n","protected":false},"excerpt":{"rendered":"<p>Une longue marche de dix ann\u00e9es, \u00e0 travers les trois d\u00e9partements du Limousin Le Refuge des R\u00e9sistances Armand Gatti existe depuis le 27 janvier 2008. Son si\u00e8ge est \u00e0 Peyrelevade, en Corr\u00e8ze. Cette association s\u2019est donn\u00e9 pour objet de r\u00e9sister \u00e0 la soci\u00e9t\u00e9 spectaculaire et marchande, en faisant vivre sur et \u00e0 partir du plateau [&hellip;]<\/p>\n","protected":false},"author":2,"featured_media":0,"parent":0,"menu_order":0,"comment_status":"closed","ping_status":"closed","template":"","meta":{"footnotes":""},"class_list":["post-202","page","type-page","status-publish","hentry"],"_links":{"self":[{"href":"https:\/\/www.refugedesresistancesarmandgatti.ovh\/index.php\/wp-json\/wp\/v2\/pages\/202"}],"collection":[{"href":"https:\/\/www.refugedesresistancesarmandgatti.ovh\/index.php\/wp-json\/wp\/v2\/pages"}],"about":[{"href":"https:\/\/www.refugedesresistancesarmandgatti.ovh\/index.php\/wp-json\/wp\/v2\/types\/page"}],"author":[{"embeddable":true,"href":"https:\/\/www.refugedesresistancesarmandgatti.ovh\/index.php\/wp-json\/wp\/v2\/users\/2"}],"replies":[{"embeddable":true,"href":"https:\/\/www.refugedesresistancesarmandgatti.ovh\/index.php\/wp-json\/wp\/v2\/comments?post=202"}],"version-history":[{"count":6,"href":"https:\/\/www.refugedesresistancesarmandgatti.ovh\/index.php\/wp-json\/wp\/v2\/pages\/202\/revisions"}],"predecessor-version":[{"id":548,"href":"https:\/\/www.refugedesresistancesarmandgatti.ovh\/index.php\/wp-json\/wp\/v2\/pages\/202\/revisions\/548"}],"wp:attachment":[{"href":"https:\/\/www.refugedesresistancesarmandgatti.ovh\/index.php\/wp-json\/wp\/v2\/media?parent=202"}],"curies":[{"name":"wp","href":"https:\/\/api.w.org\/{rel}","templated":true}]}}

Refuge des Résistances

<p><img loading="lazy" decoding="async" class="wp-image-69 size-thumbnail alignleft" src="https://www.refugedesresistancesarmandgatti.ovh/wp-content/uploads/2017/04/logo-150x150.jpg" alt="" width="150" height="150" srcset="https://www.refugedesresistancesarmandgatti.ovh/wp-content/uploads/2017/04/logo-150x150.jpg 150w, https://www.refugedesresistancesarmandgatti.ovh/wp-content/uploads/2017/04/logo-300x300.jpg 300w, https://www.refugedesresistancesarmandgatti.ovh/wp-content/uploads/2017/04/logo.jpg 512w" sizes="(max-width: 150px) 100vw, 150px" /></p>
<p>Une longue marche de dix années, à travers les trois départements du Limousin<br />
<i>Le Refuge des Résistances Armand Gatti existe depuis le 27 janvier 2008. Son siège </i><i>est à Peyrelevade, en Corrèze. Cette association s’est donné pour objet de résister à </i><i>la société spectaculaire et marchande, en faisant vivre sur et à partir du plateau de Millevaches, des lieux ou des moments ouverts de formations, réflexions, créations, recherches, rencontres internationales, dans le prolongement de l’esprit de résistance et </i><i>des questionnements portés par et avec Armand Gatti, dans et autour de son œuvre.</i></p>
<p><i>Retour sur dix ans d’existence…</i><br />
<!--EndF--></p>
<p><b>2008 : </b><strong>Création du Refuge</strong><b><br />
2009 </b>: Marcy, <strong><i>La Tour de Babel maquisarde</i>.</strong><br />
<b>2010 </b>: Neuvic<i>, <strong>Science et Résistance battant des ailes pour donner aux femmes en </strong></i><i><strong>noir de Tarnac un destin d’oiseau des altitudes</strong>.</i><br />
<b>2013 </b>: Tarnac, Eymoutiers, Peyrelevade, Faux la Montagne, <strong><i>Rosa Collective</i></strong>.<br />
<b>2014</b>, Eymoutiers, Rempnat, Tarnac, St Setiers, Peyrelevade, <strong><i>Forêt et Résistance.</i></strong><br />
<b>2015</b><i>, </i>Limoges, Théâtre de l’Union CDN, <strong><i>Résister, disent-ils!</i></strong><br />
<b>2017</b><i>, </i>Treignac, Peyrelevade, Tarnac, <strong><i>Opera possible &#8211; Opera probable.<br />
<b>2019</b>, Inauguration de la médiathèque Armand Gatti à Tarnac.<br />
<b>2020</b>, Les mots de la Résistance dans le granit de la Berbeyrolle.</i></strong></p>

<p>Une longue marche de dix années, à travers les trois départements du Limousin Le Refuge des Résistances Armand Gatti existe depuis le 27 janvier 2008. Son siège est à Peyrelevade, en Corrèze. Cette association s’est donné pour objet de résister à la société spectaculaire et marchande, en faisant vivre sur et à partir du plateau [&hellip;]</p>
